ose -4*k = 2*u - 12, 4*u - 2*k - 14 = -0*u. Let l = 17 + u. Calculate the remainder when l is divided by ((-45)/20)/((-3)/8).
3
Suppose 2*i + i + 692 = 5*x, -x + 116 = 5*i. Suppose 0 = -4*v + w + 237 + 282, -v - w = -x. What is the remainder when v is divided by 19?
17
Suppose 2 = o, 0*j = j - 3*o - 13. Let a(x) = -x + 25. Let t be a(j). Calculate the remainder when (-4)/6 - (-394)/t is divided by 23.
19
Let v(k) = -4*k**2 + 37*k - 2. What is the remainder when v(2) is divided by 25?
6
Suppose 2*q - 5*u + 54 = 3*q, -3*u + 94 = 2*q. Let m = 5665 - 5579. What is the remainder when m is divided by q?
42
Let l = -38 - -38. Suppose 0 = q - 3, -3*d + 2*q + 3*q + 48 = l. Calculate the remainder when 83 is divided by d.
20
Let h(r) = 2*r**3 - 3*r**2 + 5*r + 20. Calculate the remainder when h(5) is divided by 56.
52
Suppose 3*m - 4*l + 3 = 0, 2*m + 4*l - 22 - 16 = 0. Let j(z) = 24*z**2 - 1. Calculate the remainder when j(-1) is divided by m.
2
Let x = 555 - 486. What is the remainder when 689 is divided by x?
68
Suppose 3*u - 4*f = 68, 7*u + 92 = 11*u - 4*f. Suppose 2 = -5*o + 57. What is the remainder when u is divided by o?
2
Let s = 106 - 42. Suppose -113 = -3*h - 4*z, -4*h + 5*z = -h - 122. Let i = h - 6. Calculate the remainder when s is divided by i.
31
Let n(p) = 3*p**3 + p**2 - p + 2. Let c be n(-2). Let m = 37 - c. Suppose -3*l + 4 = -3*k + 31, 3*k - 23 = 5*l. What is the remainder when m is divided by k?
9
Let z(q) = 12*q - 147. What is the remainder when 111 is divided by z(16)?
21
Let k(m) = -m**2 - 6*m + 4. Suppose f + 3 = -1. Calculate the remainder when 33 is divided by k(f).
9
Suppose 99*d + 1433 - 5690 = 0. What is the remainder when d is divided by 24?
19
Let z = 269 + -485. Let s = z - -302. Calculate the remainder when s is divided by 18.
14
Let g be (-5 - -8) + -3 + 1 + 1. Suppose 4*r = g*i + 3*i + 84, 2*i = -r + 34. Calculate the remainder when 103 is divided by r.
25
What is the remainder when 70/(957/(-88) - -11) is divided by 91?
14
Suppose -202*x = -186*x - 288. Calculate the remainder when 87 is divided by x.
15
Let f = 32 + -19. Let h(j) = j**2 - 11*j - 4. Calculate the remainder when 85 is divided by h(f).
19
Let y be (51/(-34))/((-1)/2). Suppose -4*d = 2*k - 14 - 48, y*d = 3*k + 60. Suppose 5*u - 200 = u. Calculate the remainder when u is divided by d.
16
Suppose 0*h + 105 = 5*h. Suppose 0*a - 3*a + 42 = -3*i, 11 = -4*i - 5*a. Let v = 22 + i. What is the remainder when h is divided by v?
8
Let y be ((-3)/(-1) - 2) + 3. Suppose y*z - 4*m - 12 = 0, -5*z + m - 4 = -7. Suppose -w - w + 30 = z. What is the remainder when 57 is divided by w?
12
Let x = -188 - -1498. Calculate the remainder when x is divided by 23.
22
Suppose 0 = 16*i - 2845 - 195. Calculate the remainder when i is divided by 12.
10
Suppose -3*d + 4*d = 0. Suppose d = -3*z + 7*z - 100. Let u = z + -16. What is the remainder when u is divided by 4?
1
Suppose 0 = -4*u - 2*u + 120. Calculate the remainder when u is divided by 9.
2
Suppose 8*z = 9 + 111. What is the remainder when 47 is divided by z?
2
Let l be 1/1*(10 + -5). Calculate the remainder when (l/(-3))/(15/(-720)) is divided by 27.
26
Suppose -r + 13 = -6*r - 4*b, r + 3*b = -7. Let k = 5 + r. Let l = -234 - -240. What is the remainder when l is divided by k?
2
Suppose 3*x - 39 + 12 = n, 36 = 4*x + 3*n. Calculate the remainder when 40 is divided by x.
4
Let f(o) = o**2 - 6*o - 11. Let z = -13 - -9. Let l be (80/(-25))/(z/10). What is the remainder when 21 is divided by f(l)?
1
Let u = 5 - 3. Calculate the remainder when u is divided by (-6)/7*(-2093)/897.
0
Suppose 0 = 7*i - 2*i - 135. Let d = 5 + -9. What is the remainder when (-321)/2*d/6 is divided by i?
26
Let h = -87 + 156. Calculate the remainder when h is divided by 37.
32
Suppose c = -25 + 35. What is the remainder when 3/((-4)/14 + (-292)/(-728)) is divided by c?
6
Suppose 0 = 3*i - 5*u - 1, 4*i + 3*u - 8 = 3. Let x be (-6)/(-21) - i/7. Suppose x*m - m + 9 = 0. Calculate the remainder when 15 is divided by m.
6
Let w(k) = k**3 - 6*k**2 + 4*k + 7. Let u be w(5). Calculate the remainder when (0 - u) + 4 - -25 is divided by (-83)/(-14) - ((-2680)/(-112) + -24).
3
Suppose 0 = 3*i + 4*v - 69, 7*i - 2*i = -3*v + 104. What is the remainder when 189 is divided by i?
18
Calculate the remainder when 85536/330 + (-2)/10 is divided by 13.
12
Let u(r) = 15*r + 4. Calculate the remainder when u(7) is divided by ((84/(-20))/(9/(-10)))/(9/27).
11
What is the remainder when 98 is divided by 190/4 + (5 - (-39)/(-6))?
6
Let z(f) = -4*f**3 + 2*f - 2. Let k be z(-3). Suppose 0*a = 5*w + 5*a - k, 8 = 2*a. Let m = w + -13. What is the remainder when 9 is divided by m?
0
Let a = 89 - 41. Suppose 2 = 2*u - a. Let o = 37 - -36. What is the remainder when o is divided by u?
23
Suppose 9*x = -1036 - 1709. What is the remainder when 94 is divided by (x/(-10) - 2)*(-4)/(-6)?
18
Let g be 7/14 - 62/4. Suppose -21 = -t - 5. What is the remainder when t is divided by (-4 - (g - -4)) + -1?
4
Suppose -2 = 2*n, w - 24 - 21 = -4*n. Let m = w + -33. Let d = 98 - 68. Calculate the remainder when d is divided by m.
14
Suppose -5*n - 2*d + 244 = 0, -3*d + 40 = n - 14. Let q be (n/9)/4*12. Let z = q + -1. Calculate the remainder when 57 is divided by z.
12
Suppose z + 0*z = 28. Let n = -38 - -23. Let b = n + z. Calculate the remainder when 50 is divided by b.
11
Let k be (1 - 5/(-3))*3. Let z = 13 - k. Suppose 4 = 4*j, z*q - 116 = j + 3*j. Calculate the remainder when q is divided by 13.
11
Let w = 25 - 15. Let y(b) = 0*b + 31*b**3 - w*b**3 + 2*b - 2. Calculate the remainder when 60 is divided by y(1).
18
Let x(f) = 78*f**3 - 2*f**2 + 4*f - 3. What is the remainder when 149 is divided by x(1)?
72
Let x = -69 + 122. Let w(l) = l**2 - 25*l + 37. Calculate the remainder when x is divided by w(24).
1
Suppose -3*p + 5*s = -83 + 12, 0 = -5*p + 5*s + 115. Let n = 7 + 48. Suppose -n - 131 = -3*i. Calculate the remainder when i is divided by p.
18
Suppose u + 3*f - 38 = 0, -3*u + 2*f - 4*f + 107 = 0. Let y = u + 3. Calculate the remainder when 73 is divided by y.
35
Suppose y - 3*d = -5*d - 86, -258 = 3*y + 4*d. Let j = y - -121. What is the remainder when j is divided by (-6)/(((-2)/18)/((-86)/(-258)))?
17
Suppose -3*u = 3*z - 267, -12*u - 3*z = -8*u - 357. What is the remainder when u is divided by 13?
12
Let a be ((-2)/(-6))/(5/30). Suppose 2*l = a + 2. Suppose 0 = n - l*n + 18. What is the remainder when n is divided by 5?
3
Let z be 1/(4/(-3) + 12/36). Calculate the remainder when -2 - z/(4/164) is divided by 9.
3
Let f(h) = -9*h + 13. Let n be f(-8). Suppose n = 63*g - 58*g. What is the remainder when g is divided by 6?
5
Let y(q) = q - 46. Let i(z) = -1. Let k(d) = 4*i(d) - y(d). Calculate the remainder when k(27) is divided by 7.
1
What is the remainder when (6/(-4))/(13/(-2236)) is divided by 52?
50
Let l = -20 - -85. Let w = l - 55. What is the remainder when 38 is divided by w?
8
Let u = -34 - -138. What is the remainder when u is divided by 35?
34
Suppose 25 = 4*j - 15. Let n = 20 - j. Suppose h - 5*g - 22 = 0, h - n - 6 = 2*g. Calculate the remainder when 34 is divided by h.
10
Suppose 4*n + 5*g - 48 = -14, 5*n - 51 = -2*g. Calculate the remainder when 28 is divided by n.
6
Suppose -16 - 4 = -d + 4*l, -3*l = -2*d + 50. What is the remainder when d is divided by 18?
10
Suppose k - 37 = -3*q, -4*q = 2*k + q - 71. Calculate the remainder when k is divided by 246/24 - 1/4.
8
Suppose -784 = -10*t + 156. Calculate the remainder when t is divided by 15.
4
Let s(p) = -p**2 + p + 35. What is the remainder when 389 is divided by s(4)?
21
Suppose 1263*j = 1274*j - 143. What is the remainder when 258 is divided by j?
11
Let s = 10 + -13. Let y be (672/(-9) + -2)*s. Suppose -u + 49 = 2*i - 21, -2*i - y = -4*u. What is the remainder when u is divided by 21?
18
Calculate the remainder when (-60)/(-510) - (-797)/17 is divided by 17.
13
Let j(c) = -48*c + 999. What is the remainder when j(15) is divided by 77?
48
Suppose 3*f - 12 = 0, -158 = -3*n - 2*f + 9. What is the remainder when n is divided by 18?
17
Suppose 0 = 12*m - 101 - 259. Suppose -5*i + m = -2*i + 4*b, -2*i = -5*b - 20. What is the remainder when 87 is divided by i?
7
Let v = -165 - -195. What is the remainder when 53 is divided by v?